{"id":7268,"date":"2025-02-19T23:32:27","date_gmt":"2025-02-19T22:32:27","guid":{"rendered":"https:\/\/gaesti.haus\/?page_id=7268"},"modified":"2025-02-21T13:42:06","modified_gmt":"2025-02-21T12:42:06","slug":"wilde-malve","status":"publish","type":"page","link":"https:\/\/gaesti.haus\/index.php\/wilde-malve\/","title":{"rendered":"Wilde Malve e.V."},"content":{"rendered":"<div class=\"style-2974 style-local-7268-c1 position-relative\" data-colibri-id=\"7268-c1\">\r\n<div id=\"custom-2\" class=\"h-section h-section-global-spacing d-flex align-items-lg-center align-items-md-center align-items-center style-2980 style-local-7268-c7 position-relative\" data-colibri-component=\"section\" data-colibri-id=\"7268-c7\">\r\n<div class=\"h-section-grid-container h-section-boxed-container\">\r\n<div class=\"h-row-container gutters-row-lg-2 gutters-row-md-2 gutters-row-0 gutters-row-v-lg-2 gutters-row-v-md-2 gutters-row-v-2 style-2986 style-local-7268-c13 position-relative\" data-colibri-id=\"7268-c13\">\r\n<div class=\"h-row justify-content-lg-center justify-content-md-center justify-content-center align-items-lg-stretch align-items-md-stretch align-items-stretch gutters-col-lg-2 gutters-col-md-2 gutters-col-0 gutters-col-v-lg-2 gutters-col-v-md-2 gutters-col-v-2\">\r\n<div class=\"h-column h-column-container d-flex h-col-lg-auto h-col-md-auto h-col-auto style-2987-outer style-local-7268-c14-outer\">\r\n<div class=\"d-flex h-flex-basis h-column__inner h-px-lg-2 h-px-md-2 h-px-2 v-inner-lg-2 v-inner-md-2 v-inner-2 style-2987 style-local-7268-c14 position-relative\" data-colibri-id=\"7268-c14\">\r\n<div class=\"w-100 h-y-container h-column__content h-column__v-align flex-basis-100 align-self-lg-start align-self-md-start align-self-start\">\r\n<div class=\"h-text h-text-component style-2985 style-local-7268-c15 position-relative h-element\" data-colibri-id=\"7268-c15\">\r\n<h1 style=\"text-align: left;\"><span style=\"color: #000000;\">Wilde Malve e.V.<\/span><\/h1>\r\n<\/div>\r\n<\/div>\r\n<\/div>\r\n<\/div>\r\n<\/div>\r\n<\/div>\r\n<\/div>\r\n<\/div>\r\n<div id=\"custom-3\" class=\"h-section h-section-global-spacing d-flex align-items-lg-center align-items-md-center align-items-center style-2988 style-local-7268-c16 position-relative\" data-colibri-component=\"section\" data-colibri-id=\"7268-c16\">\r\n<div class=\"h-section-grid-container h-section-boxed-container\">\r\n<div class=\"h-row-container gutters-row-lg-2 gutters-row-md-2 gutters-row-0 gutters-row-v-lg-2 gutters-row-v-md-2 gutters-row-v-2 style-2991 style-local-7268-c19 position-relative\" data-colibri-id=\"7268-c19\">\r\n<div class=\"h-row justify-content-lg-center justify-content-md-center justify-content-center align-items-lg-stretch align-items-md-stretch align-items-stretch gutters-col-lg-2 gutters-col-md-2 gutters-col-0 gutters-col-v-lg-2 gutters-col-v-md-2 gutters-col-v-2\">\r\n<div class=\"h-column h-column-container d-flex h-col-lg-auto h-col-md-auto h-col-auto style-2992-outer style-local-7268-c20-outer\">\r\n<div class=\"d-flex h-flex-basis h-column__inner h-px-lg-2 h-px-md-2 h-px-2 v-inner-lg-2 v-inner-md-2 v-inner-2 style-2992 style-local-7268-c20 position-relative\" data-colibri-id=\"7268-c20\">\r\n<div class=\"w-100 h-y-container h-column__content h-column__v-align flex-basis-100 align-self-lg-start align-self-md-start align-self-start\">\r\n<div class=\"h-text h-text-component style-2993 style-local-7268-c21 position-relative h-element\" data-colibri-id=\"7268-c21\">\r\n<div class=\"\">\r\n<p style=\"text-align: left;\"><span style=\"color: #000000;\">Die Wilde Malve e.V. ist ein gemeinn\u00fctziger Verein aus Homberg\/Dannenrod der sich, seit der Gr\u00fcndung im Jahr 2022, f\u00fcr die F\u00f6rderung von Kunst und kulturellen Angeboten, Aufkl\u00e4rungs- und Bildungsarbeit, sowie die F\u00f6rderung von Natur-, Umwelt- und Klimaschutz einsetzt.<\/span><\/p>\r\n\r\n<h4 style=\"text-align: left;\"><span style=\"color: #000000;\">Satzung<\/span><\/h4>\r\n<p style=\"text-align: left;\"><a href=\"https:\/\/gaesti.haus\/wp-content\/uploads\/2025\/02\/Satzung_beschlossen_in_Gruendungsversammlung_vom_29.10.2022.pdf\">Satzung der Wilden Malve e.V.<\/a><\/p>\r\n<p style=\"text-align: left;\">Amtsgericht Gie\u00dfen VR 5216<\/p>\r\n\r\n<h4 style=\"text-align: left;\"><span style=\"color: #000000;\">Kontakt<\/span><\/h4>\r\n<p style=\"text-align: left;\"><span style=\"color: #000000;\">Wilde Malve e.V.<\/span><\/p>\r\n<p style=\"text-align: left;\"><span style=\"color: #000000;\">Buchhainerstra\u00dfe 8<\/span><\/p>\r\n<p style=\"text-align: left;\"><span style=\"color: #000000;\">35315 Homberg<\/span><\/p>\r\n<p style=\"text-align: left;\"><span style=\"color: #000000;\">kontakt-wima@riseup.net<\/span><\/p>\r\n&nbsp;\r\n\r\n<\/div>\r\n<div class=\"\">\r\n<h4 style=\"text-align: left;\"><span style=\"color: #000000;\">Spenden<\/span><\/h4>\r\n<p style=\"text-align: left;\"><span style=\"color: #000000;\">Kontoinhaber*in: Wilde Malve e.V.<\/span><\/p>\r\n<p style=\"text-align: left;\"><span style=\"color: #000000;\">Zweck: &#8222;Spende&#8220;<\/span><\/p>\r\n<p style=\"text-align: left;\"><span style=\"color: #000000;\">IBAN: DE77430609671302801000<\/span><\/p>\r\n<p style=\"text-align: left;\"><span style=\"color: #000000;\">BIC: GENODEM1GLS<\/span><\/p>\r\n\r\n<\/div>\r\n<\/div>\r\n<\/div>\r\n<\/div>\r\n<\/div>\r\n<\/div>\r\n<\/div>\r\n<\/div>\r\n<\/div>\r\n<\/div>","protected":false},"excerpt":{"rendered":"<p>Wilde Malve e.V. Die Wilde Malve e.V. ist ein gemeinn\u00fctziger Verein aus Homberg\/Dannenrod der sich, seit der Gr\u00fcndung im Jahr 2022, f\u00fcr die F\u00f6rderung von Kunst und kulturellen Angeboten, Aufkl\u00e4rungs- und Bildungsarbeit, sowie die F\u00f6rderung von Natur-, Umwelt- und Klimaschutz einsetzt. Satzung Satzung der Wilden Malve e.V. Amtsgericht Gie\u00dfen VR 5216 Kontakt Wilde Malve e.V. [&hellip;]<\/p>\n","protected":false},"author":1,"featured_media":0,"parent":0,"menu_order":0,"comment_status":"closed","ping_status":"closed","template":"page-templates\/full-width-page.php","meta":{"footnotes":""},"class_list":["post-7268","page","type-page","status-publish","hentry"],"_links":{"self":[{"href":"https:\/\/gaesti.haus\/index.php\/wp-json\/wp\/v2\/pages\/7268","targetHints":{"allow":["GET"]}}],"collection":[{"href":"https:\/\/gaesti.haus\/index.php\/wp-json\/wp\/v2\/pages"}],"about":[{"href":"https:\/\/gaesti.haus\/index.php\/wp-json\/wp\/v2\/types\/page"}],"author":[{"embeddable":true,"href":"https:\/\/gaesti.haus\/index.php\/wp-json\/wp\/v2\/users\/1"}],"replies":[{"embeddable":true,"href":"https:\/\/gaesti.haus\/index.php\/wp-json\/wp\/v2\/comments?post=7268"}],"version-history":[{"count":20,"href":"https:\/\/gaesti.haus\/index.php\/wp-json\/wp\/v2\/pages\/7268\/revisions"}],"predecessor-version":[{"id":7349,"href":"https:\/\/gaesti.haus\/index.php\/wp-json\/wp\/v2\/pages\/7268\/revisions\/7349"}],"wp:attachment":[{"href":"https:\/\/gaesti.haus\/index.php\/wp-json\/wp\/v2\/media?parent=7268"}],"curies":[{"name":"wp","href":"https:\/\/api.w.org\/{rel}","templated":true}]}}